
In base 3, what is -202112 + -11211101?
-12120220
In base 6, what is -1123 - -140342?
135215
In base 12, what is 6 - -908?
912
In base 4, what is 1 + 122?
123
In base 10, what is 768187 - 5?
768182
In base 6, what is 311 + -2225?
-1514
In base 7, what is -2520 - -151?
-2336
In base 15, what is -321 + -b2?
-3d3
In base 2, what is 10101101 - 1000100101100?
-1000001111111
In base 16, what is 9c438 + -1?
9c437
In base 16, what is 2 - -14ff?
1501
In base 2, what is 11110100001010 - -100111?
11110100110001
In base 7, what is -4 - -104211?
104204
In base 13, what is 0 + -6864?
-6864
In base 15, what is -14 - 125?
-139
In base 11, what is -1854 - 19?
-1872
In base 11, what is -2829 + -143?
-2971
In base 8, what is -50 + -7326?
-7376
In base 6, what is 100342 - 1?
100341
In base 5, what is -13 + -141334?
-141402
In base 15, what is c9e - -2?
ca1
In base 10, what is 11 + 71624?
71635
In base 12, what is -5 - -248308?
248303
In base 9, what is 565 - 55?
510
In base 14, what is -100 + -1979?
-1a79
In base 15, what is -5a + -b03?
-b5d
In base 11, what is -19 - 796?
-804
In base 10, what is -115829 + -6?
-115835
In base 13, what is 5 + -3324?
-331c
In base 8, what is 256476 - 2?
256474
In base 6, what is -351 - -21101?
20310
In base 9, what is -1 + 27145?
27144
In base 16, what is c7 - -c7?
18e
In base 12, what is 18b + 53?
222
In base 2, what is -101100100110 + -1010010?
-101101111000
In base 9, what is -4 + 2400?
2385
In base 4, what is 10223103 - -13?
10223122
In base 2, what is -1011 - 11111110011000?
-11111110100011
In base 13, what is -2 - 2b1668?
-2b166a
In base 4, what is 11233033 + 32?
11233131
In base 15, what is 1686a + -2b?
1683e
In base 16, what is 6b18f + -4?
6b18b
In base 5, what is 20 - 31412232?
-31412212
In base 5, what is -12 + 341143?
341131
In base 10, what is 97218 + -1?
97217
In base 5, what is -30414 - -113?
-30301
In base 12, what is -97b0 - 44?
-9834
In base 6, what is -11032033 + -4?
-11032041
In base 9, what is -8800 - -4?
-8785
In base 10, what is -5 - -74948?
74943
In base 6, what is 143 + -2243?
-2100
In base 3, what is -221 - 1210211?
-1211202
In base 2, what is -100110011110001111111 + 11?
-100110011110001111100
In base 2, what is 11001010100 + -100110011?
10100100001
In base 10, what is 7149 + -7?
7142
In base 13, what is 50 - 7a1?
-751
In base 6, what is -1012513 - 1?
-1012514
In base 6, what is 33030313 + -1?
33030312
In base 14, what is 2 - 12d65?
-12d63
In base 7, what is 31126 - -201?
31330
In base 11, what is 3 - -13?
16
In base 9, what is 834 - 25?
808
In base 16, what is 74e3f + -4?
74e3b
In base 6, what is -24141 - 12?
-24153
In base 13, what is -1a + aa?
90
In base 3, what is 12 + -2010202?
-2010120
In base 6, what is -23253 - 3?
-23300
In base 12, what is -42 - b3?
-135
In base 6, what is 4 - -23032?
23040
In base 6, what is -33512 + -112?
-34024
In base 16, what is -ded9 - -f?
-deca
In base 7, what is -6155 + 12?
-6143
In base 2, what is 1110111101111100 - 1?
1110111101111011
In base 3, what is -101212122100 - -2?
-101212122021
In base 12, what is 5 - 33671?
-33668
In base 12, what is -3 - -2099?
2096
In base 7, what is -2 + -260021?
-260023
In base 11, what is 193392 - 11?
193381
In base 4, what is 2 + -11202322?
-11202320
In base 14, what is 2045 - 34?
2011
In base 2, what is 0 - 110110110010100?
-110110110010100
In base 3, what is 22101 + -101220?
-2112
In base 7, what is 1523 - 41?
1452
In base 9, what is -1381112 + 3?
-1381108
In base 4, what is -1331331 - 33?
-1332030
In base 7, what is -524 - 426?
-1253
In base 5, what is -4444 + -33?
-10032
In base 11, what is 30459 - 4?
30455
In base 6, what is -514 - 153503?
-154421
In base 11, what is -15 + 1078?
1063
In base 5, what is -44014 - 111?
-44130
In base 16, what is 4c22b - 1?
4c22a
In base 15, what is 19610 - 1?
1960e
In base 4, what is 1212312200 + -11?
1212312123
In base 10, what is -68 + -357?
-425
In base 4, what is 10 + 120313113?
120313123
In base 14, what is -5d + -194?
-213
In base 7, what is 144 - -233534?
234011
In base 14, what is -15d36 + -4?
-15d3a
In base 5, what is 11 - 433124?
-433113
In base 9, what is 48 - 1641?
-1582
In base 5, what is -20 - -23332321?
23332301
In base 2, what is -100 + -10110000100110111?
-10110000100111011
In base 5, what is 43322 + 430?
44302
In base 7, what is -14 - 1502?
-1516
In base 7, what is 0 - 21432?
-21432
In base 3, what is -1022201002221 + 12?
-1022201002202
In base 16, what is 1c74 + 11?
1c85
In base 10, what is -4 + 9113?
9109
In base 13, what is -16 - 105b?
-1074
In base 5, what is 313243 + -10?
313233
In base 11, what is -6622 + -17?
-6639
In base 5, what is 240101 - 4?
240042
In base 9, what is -2 - 41188?
-41201
In base 2, what is -10110011101111101000 + 0?
-10110011101111101000
In base 9, what is 2618 - -35?
2654
In base 2, what is -111001111001001 - -100?
-111001111000101
In base 9, what is -404 + 188?
-205
In base 7, what is 1 - -16342623?
16342624
In base 10, what is 0 + -90521?
-90521
In base 16, what is 2 + 2160?
2162
In base 4, what is -2330 + -3030?
-12020
In base 3, what is -1 + 100120021200?
100120021122
In base 2, what is 10001111100111100011 + 100?
10001111100111100111
In base 11, what is -4374 - 34?
-43a8
In base 9, what is -3 - -100441?
100437
In base 13, what is 782 - -6?
788
In base 11, what is -18 + 2616?
25a9
In base 14, what is 8d8 + -5?
8d3
In base 7, what is 16 - -511?
530
In base 6, what is 3 - -40135420?
40135423
In base 16, what is -29 - 2630?
-2659
In base 9, what is 48 - 180?
-131
In base 14, what is -10232a + -3?
-10232d
In base 4, what is -32 - 12203001?
-12203033
In base 14, what is -9a9 - 4?
-9ad
In base 9, what is 247014 + -2?
247012
In base 6, what is 1150410 - -13?
1150423
In base 4, what is -21130 - -1?
-21123
In base 11, what is 48861 + -5?
48857
In base 2, what is -1110101100111110101 - -11?
-1110101100111110010
In base 7, what is 155121 + 3?
155124
In base 11, what is 59 + 58a?
638
In base 6, what is 3 - 10434214?
-10434211
In base 11, what is 11 - -374aa?
37510
In base 6, what is -2222 - 211?
-2433
In base 14, what is 27a + 41d?
699
In base 16, what is 4 + 54d?
551
In base 11, what is -2304 + 460?
-1954
In base 15, what is -6aa + 347?
-363
In base 12, what is 5403 - 49?
5376
In base 13, what is -17 - -6421?
6407
In base 5, what is 2004000 - 1?
2003444
In base 11, what is 701109 + -3?
701106
In base 4, what is 203313 + 13001?
222320
In base 4, what is 10 + 2032222?
2032232
In base 11, what is -16 + -34a44?
-34a5a
In base 2, what is -100111010000000 - 101?
-100111010000101
In base 9, what is -1700 - -13?
-1676
In base 16, what is -5379 + -6e?
-53e7
In base 7, what is -2655 - 454?
-3442
In base 15, what is -1443 - -1e0?
-1253
In base 3, what is -101120 + -102202?
-211022
In base 3, what is 21001 + 212010?
1010011
In base 5, what is 4 + 42433140?
42433144
In base 5, what is 13111423 - -3?
13111431
In base 5, what is 2014203404 - 0?
2014203404
In base 14, what is -168 - 17c8?
-1952
In base 5, what is -321230 + 10?
-321220
In base 11, what is 714 + 1963?
2577
In base 5, what is -14340 + 1120?
-13220
In base 7, what is -23 - -5625?
5602
In base 8, what is 5 - 672?
-665
In base 13, what is -1 - -7a18b?
7a18a
In base 16, what is 67f - 30?
64f
In base 4, what is 0 + -2021133?
-2021133
In base 3, what is 1 + -102112102202?
-102112102201
In base 3, what is -12221012212 - -112?
-12221012100
In base 2, what is 0 + 1111100000111110100?
1111100000111110100
In base 6, what is 254223 - 0?
254223
In base 6, what is 10344223 + -4?
10344215
In base 5, what is -3422233 - 2?
-3422240
In base 12, what is -8a + -47b?
-549
In base 13, what is 8b - a4?
-16
In base 3, what is -10 - 212000200?
-212000210
In base 7, what is -1145 - -206?
-636
In base 12, what is 2b4875 - -3?
2b4878
In base 2, what is 10 - -11110110010011111?
11110110010100001
In base 15, what is -b3 + -b7?
-17a
In base 16, what is 1f + -16a8?
-1689
In base 15, what is -3161 + -20?
-3181
In base 14, what is -759 - 1b3?
-92c
In base 15, what is 6 + 4078e?
40795
In base 2, what is -1010110011100010111 - -100?
-1010110011100010011
In base 13, what is 2 - 314197?
-314195
In base 11, what is 2735a6 + 4?
2735aa
In base 3, what is 211 + -1101212010?
-1101211022
In base 7, what is 33 + 2536?
2602
In base 15, what is 46e247 + 2?
4